3*d + i*d = 147. Let h = -90 + d. List the prime factors of h.
3, 19
Let m(n) = 2*n**3 + 3*n**2 + 17*n + 34. Let b(q) = -q**3 - 2*q**2 - 8*q - 17. Let h(o) = 9*b(o) + 4*m(o). List the prime factors of h(-7).
2, 3, 5
Let r(x) = x**2 - 8*x + 4. Let i(q) = -q**3 + 10*q**2 - 8*q - 3. Let t be i(9). Let a be r(t). What are the prime factors of (-2)/a + 3519/68?
2, 13
Let v(x) = -x**2 - 10*x + 11. Let h be v(-11). Suppose -121 = -3*m - 4*r, h*r + 39 = m + r. What are the prime factors of m?
5, 7
Suppose -2*j + 5*j - 4*j = 0. Suppose j = 70*q - 73*q + 60. List the prime factors of q.
2, 5
Let o(v) = -223*v + 31. What are the prime factors of o(-9)?
2, 1019
Let u(b) be the second derivative of b**5/20 + b**4/4 - b**3 - 5*b**2 + b. List the prime factors of u(-3).
2
Let t be -1 - (-40 + 1/((-3)/(-6))). Suppose -2*l = -x - l + 11, 0 = 3*x - l - t. What are the prime factors of x?
13
Let b(c) = 12*c**3 - c**2 - 2*c - 1. Let d be b(2). Suppose -q = -d + 24. Let p = q - 33. What are the prime factors of p?
2, 3, 5
Let i = 796 - 546. Let a = i - 177. What are the prime factors of a?
73
Suppose -181392 = -74*b + 54890. What are the prime factors of b?
31, 103
Let t(o) = 7*o + 10. Let v(n) = -6*n - 11. Let l(h) = 4*t(h) + 5*v(h). Let j be l(-12). Let d(b) = b**2 - 5*b - 3. What are the prime factors of d(j)?
3, 11
Let d = 25 + 1. Let f = 16 - d. Let l = 16 + f. List the prime factors of l.
2, 3
Let o(u) = u**3 + 10*u**2 - u - 7. Let i be o(-10). Suppose 0 = -2*q - 19 - i. Let l(r) = -r**3 - 12*r**2 - 10*r + 15. List the prime factors of l(q).
2
Let g(b) = -3*b**2 + 12*b + 19. Let k(r) = -2*r**2 + 7*r + 10. Let z(a) = 3*g(a) - 5*k(a). Let c be (-2)/(-2) + (1 - 7). What are the prime factors of z(c)?
3
Suppose 9*y = 6*y + 153. Suppose 0 = 5*f - 269 - y. Suppose -4*h = 3*q - f - 94, 298 = 5*q - 2*h. List the prime factors of q.
2, 29
Let n(b) = 87*b - 12. Let x be n(2). Suppose -2*v = -x - 68. List the prime factors of v.
5, 23
Let q(d) = -d**3 - 3*d**2 + 3*d + 2. Let y = 35 - 25. Suppose 5 - y = o. What are the prime factors of q(o)?
37
Suppose -19 = -5*w - 49. Let c(m) = -4*m + 9. List the prime factors of c(w).
3, 11
Let h = 3614 + -2445. What are the prime factors of h?
7, 167
Suppose 2*f = s + 20, 4*s - 8*s = 3*f - 8. Let z = f + -8. Suppose z*r + 66 = 3*r. What are the prime factors of r?
2, 11
Suppose -2*n + 0 = -2*v - 4, -4*n + 4 = -5*v. List the prime factors of 384/n + (1 - -1).
2, 3, 11
Let r = -45 - -153. Let d be (-17 - -15)*(-138)/(-4). Let j = r + d. List the prime factors of j.
3, 13
Let a(l) = -l**2 - 10*l - 17. Suppose 0*r + 7 = -r. Let x be a(r). Suppose -q + 2*v = -x*q + 114, -4*q - v = -157. List the prime factors of q.
2, 5
Suppose 9*f - 3*f = 6. Let l = 35 + f. What are the prime factors of l?
2, 3
Let f = -32 + 12. What are the prime factors of (-2 - 92/f)*5?
13
Suppose 4*r = 2*r. Suppose z = -3*b - 0*b + 14, -3*z + b + 2 = 0. Suppose -3*s + 3*c + 60 = r, -c = 3*s + z*c - 72. List the prime factors of s.
2, 11
Suppose 3*u - 172 - 455 = 0. Let n = u - 135. What are the prime factors of n?
2, 37
Let f = 209 + -852. Let p = -394 - f. What are the prime factors of p?
3, 83
Suppose 153 = -4*n - 5*n. List the prime factors of 72/(-4 - -7)*n/(-2).
2, 3, 17
Let u(a) = -11*a + 6. Suppose -1 = -5*m - 26. Let y be u(m). Let s = y - 14. What are the prime factors of s?
47
Let o be (-1)/(-2) - ((-67)/2 - 2). List the prime factors of o/(-3 + 1)*(-518)/111.
2, 3, 7
Let c be (8/20 - 0)*(8 - 3). Suppose 0 = n + n - 104. Suppose 0 = 2*a - 4*x - n, a = -3*x - c + 3. What are the prime factors of a?
2
Suppose 6*g - 5*g - 86 = 0. Let w = -20 + g. Suppose -2 - w = -2*q. What are the prime factors of q?
2, 17
Suppose 4*z = 16, 2*m = z - 4*z + 12. Suppose -11*u + u + 510 = m. List the prime factors of u.
3, 17
Suppose -54*y + 10459 + 17513 = 0. What are the prime factors of y?
2, 7, 37
What are the prime factors of (2/(-6))/(-3 - (-8583)/2862)?
2, 3, 53
Let j = 443 - 232. Suppose 189 = 3*w - 5*b + 25, -4*w + j = b. List the prime factors of w.
53
Let j be 52*1/(-2)*-1. Let g = j - 8. What are the prime factors of g?
2, 3
Let m be 0/(-7 + 4) + (36 - 0). Let v = m + 105. What are the prime factors of v?
3, 47
Let k(m) = m**2 - 31*m + 25. List the prime factors of k(47).
3, 7, 37
Let j(r) = r**3 + 11*r**2 - 5*r + 9. Let w(b) = -b - 22. Let c be w(-11). List the prime factors of j(c).
2
Suppose -3*v = 8 + 4. Suppose -4*q + 0*q = 4*h + 1320, 4*h + 5*q = -1322. What are the prime factors of h/20*10/v?
41
Let q = -7 + 6. Let b(h) be the first derivative of 7*h**3/3 + h**2/2 + 30. What are the prime factors of b(q)?
2, 3
Let k(h) = h - h**3 - h**2 - h**2 - 5*h. Let o be k(-5). Suppose 5*l + 0 - o = 0. List the prime factors of l.
19
Let o = 28 - -167. Suppose 0 = -7*c + 2*c - o. Let y = -24 - c. What are the prime factors of y?
3, 5
Let y = -174 + 262. Suppose 25*q - 27*q = -y. What are the prime factors of q?
2, 11
Let x(n) = n**3 + 10*n**2 - 2. Let f be x(-10). What are the prime factors of f/8 + (-546)/(-8)?
2, 17
Let d(u) = 22*u**2 - 20*u + 101 - 49 + u**3 - 9*u. What are the prime factors of d(-23)?
2, 5, 19
Let q(h) = 4*h**2 - 26*h - 49. What are the prime factors of q(-18)?
5, 7
Let c be (-2)/(1 - 34/33). Suppose 3*d = c + 90. List the prime factors of d.
2, 13
Let y = 143 + -74. What are the prime factors of y?
3, 23
Suppose -20167 + 60837 = 35*w. What are the prime factors of w?
2, 7, 83
Let t be (-7)/21*1*-123. Suppose t = x - 2*q + 3*q, 3*x = -4*q + 124. Suppose 1 = -3*j + x. List the prime factors of j.
13
Suppose -13*b = -501 - 1605. List the prime factors of b.
2, 3
Suppose -6225 = 30*m - 52905. List the prime factors of m.
2, 389
Suppose l + 4*x - 21 = 0, -l - 5*x = -6*l + 55. Let r = -23 + l. List the prime factors of ((-56)/r)/((-4)/(-10)).
2, 7
Let v = 31 - 33. Let b = v - -33. What are the prime factors of b?
31
Let x = 1391 + -689. List the prime factors of x.
2, 3, 13
Let x(s) = -205*s + 49. What are the prime factors of x(-1)?
2, 127
Let r be 4 + 0 + 2 + -1. Suppose r*b - 3*b + 82 = 0. Let a = b - -76. What are the prime factors of a?
5, 7
Suppose -s - 4*x = -365, 6*s + 2*x + 1781 = 11*s. What are the prime factors of s?
3, 7, 17
Suppose -5*g + 4*n = -6069, 0 = -5*g - 34*n + 36*n + 6067. What are the prime factors of g?
1213
Suppose -41*o + 8 = -39*o. List the prime factors of o/(-18) + (-1829)/(-9).
7, 29
Let f(x) = 826*x - 356. What are the prime factors of f(4)?
2, 11, 67
Let g(q) = -25*q - q**2 + 9*q - 1 + 5 - 7. Let b be g(-11). Suppose b - 20 = 2*w. What are the prime factors of w?
2
Let l be 1 + 2 + 3 + -1. Suppose -5*g + l*c + 170 = 0, -g - c - 70 = -3*g. List the prime factors of g.
2, 3
Let m = -81 - -334. Suppose 6*d - m = 263. What are the prime factors of d?
2, 43
Let p be -4*(1 + -3 + 1). Suppose 0*i = 4*i, 2*c - p*i = 44. What are the prime factors of (c/(-2))/((-8)/24)?
3, 11
Let r(u) = 346*u**2 + 26*u + 5. What are the prime factors of r(3)?
23, 139
Let b = 4480 + -2185. List the prime factors of b.
3, 5, 17
Let w = -156 + 266. List the prime factors of w.
2, 5, 11
Let y = -196 + 3393. List the prime factors of y.
23, 139
Let i = -4 + 9. Suppose -42 = -5*a + i*y - y, 2*y = a - 12. Suppose -a*b = -0*b - 174. List the prime factors of b.
29
Suppose -50 = -5*a + 40. Let w = 25 - a. Suppose w*i - 4*i = 45. List the prime factors of i.
3, 5
Suppose 7*q - 4802 = -168. Suppose 5*j - 13*f - 1634 = -11*f, 2*j - q = -2*f. List the prime factors of j.
2, 41
Suppose -7*p + 17 - 3 = 0. Suppose 2*j = 5*u - 4, -4*u + p = -j - j. Suppose -4*m + 112 = j*g - g, 2*m - 8 = 0. What are the prime factors of g?
2, 3
Let v be (1 - -4)/(9 - 8). Suppose 0 = v*f + l + 33, 3*f - 5 = 2*l - 17. Let i = -1 - f. What are the prime factors of i?
5
Suppose 3*p - 2*w + 95 - 2076 = 0, -1969 = -3*p - 4*w. What are the prime factors of p?
659
Suppose 2*g + 1625 = 7*g. List the prime factors of g.
5, 13
Let p be 2/(10/15) - -4. Let y(w) = w - 3. List the prime factors of y(p).
2
Let x = 3098 - 2194. List the prime factors of x.
2, 113
Let f = -82 + 115. Let n = 61 - f. What are the prime factors of n?
2, 7
What are the prime factors of (-4)/(-34) + 185/170*44?
2, 3
Suppose 5305 + 3743 = 6*u. List the prime factors of u.
2, 13, 29
Let b be -1*(-84)/(1 - -2). Let a 